e
Is 12 a factor of 29188752?
True
Is 11 a factor of 95793434?
True
Is 155653861 a multiple of 191?
False
Is 255 a factor of 135682185?
True
Is 89 a factor of 61089895?
False
Is 22313442 a multiple of 222?
True
Does 4638 divide 6392393070?
True
Does 1841 divide 19192998?
False
Is 231363508 a multiple of 93?
False
Is 76823123 a multiple of 13?
True
Does 486 divide 434394432?
False
Is 3901 a factor of 19805007?
False
Is 186343858 a multiple of 68?
False
Does 7 divide 21237778?
False
Is 4337960188 a multiple of 442?
False
Is 4982550527 a multiple of 26?
False
Does 296 divide 4631556646?
False
Is 1217987280 a multiple of 1515?
True
Is 413936383 a multiple of 233?
True
Is 2196 a factor of 1347953533?
False
Is 8782 a factor of 1672250118?
False
Does 119 divide 95987138?
False
Does 342 divide 583583328?
True
Does 20 divide 136120807?
False
Does 30 divide 39572423?
False
Is 1017425815 a multiple of 125?
False
Is 307848450 a multiple of 1187?
True
Is 808 a factor of 49795915?
False
Does 13 divide 129432199?
True
Is 4 a factor of 38951663?
False
Is 2298 a factor of 221561256?
False
Does 59 divide 101687208?
True
Is 39758275 a multiple of 4205?
True
Does 118 divide 376774?
True
Does 405 divide 125267643?
False
Is 21605540 a multiple of 192?
False
Does 842 divide 40645866?
True
Is 25 a factor of 781543?
False
Is 10 a factor of 246672239?
False
Is 1407 a factor of 1057972160?
False
Does 69 divide 315255741?
False
Is 57 a factor of 832297211?
False
Does 228 divide 76790170?
False
Is 36 a factor of 127753992?
True
Does 650 divide 177108686?
False
Is 33685966 a multiple of 506?
False
Does 592 divide 136804688?
True
Is 11085 a factor of 783343695?
True
Does 1120 divide 8162115900?
False
Is 60931623 a multiple of 510?
False
Is 344 a factor of 1581701846?
False
Is 239 a factor of 101850806?
True
Does 3891 divide 153153651?
True
Is 63162522 a multiple of 9?
True
Is 71 a factor of 204539782?
True
Does 168 divide 697958184?
True
Is 110 a factor of 229969850?
True
Does 5 divide 13210555?
True
Is 116 a factor of 215991188?
True
Is 20897327 a multiple of 220?
False
Does 3013 divide 174329167?
True
Is 3619258 a multiple of 276?
False
Is 1014 a factor of 10810281?
False
Is 49136532 a multiple of 51?
False
Is 187 a factor of 45499899?
False
Is 169 a factor of 102192948?
True
Does 870 divide 40761514?
False
Is 7 a factor of 10181906?
True
Is 14293754 a multiple of 728?
False
Does 459 divide 4218859026?
True
Is 2374 a factor of 203438737?
False
Is 45756383 a multiple of 15?
False
Is 44 a factor of 21288080?
True
Is 44 a factor of 15133342?
False
Is 84 a factor of 30108204?
True
Is 1710 a factor of 301931280?
True
Is 95 a factor of 7985986?
False
Is 3762 a factor of 3206288240?
False
Is 737565211 a multiple of 486?
False
Is 467 a factor of 1768062?
True
Does 127 divide 27850966?
False
Is 272 a factor of 485144074?
False
Does 748 divide 207612733?
False
Does 57 divide 7799367?
True
Does 830 divide 72565240?
True
Does 6 divide 48904391?
False
Does 6 divide 495882?
True
Does 8 divide 464706416?
True
Is 29166090 a multiple of 1713?
False
Is 18382500 a multiple of 114?
True
Is 479 a factor of 26982549?
True
Does 22 divide 1244278706?
True
Does 10 divide 639966100?
True
Does 48 divide 42407664?
True
Does 107 divide 95668700?
True
Is 120 a factor of 1652589?
False
Is 21723000 a multiple of 75?
True
Is 24038935 a multiple of 7?
False
Is 20419750 a multiple of 103?
True
Does 3193 divide 324773941?
False
Does 22 divide 1149800014?
True
Is 8056716 a multiple of 23?
True
Is 25984864 a multiple of 47?
False
Is 18085261 a multiple of 1768?
False
Does 3116 divide 2830042462?
False
Is 6006516 a multiple of 73?
False
Does 69 divide 427815262?
False
Is 166463550 a multiple of 55?
True
Does 851 divide 5198759?
True
Does 1044 divide 568342116?
True
Is 4045468 a multiple of 7?
True
Is 2988048 a multiple of 84?
True
Is 636435524 a multiple of 866?
True
Is 21 a factor of 327104862?
True
Is 18912410 a multiple of 19?
True
Does 64 divide 41882632?
False
Is 652877869 a multiple of 61?
False
Is 16 a factor of 93359712?
True
Is 1283 a factor of 106146439?
True
Does 14 divide 72489697?
False
Is 647 a factor of 88094319?
False
Is 14 a factor of 2869353008?
False
Does 2 divide 1551612?
True
Does 1321 divide 549222947?
False
Is 18927919 a multiple of 653?
False
Is 26708789 a multiple of 177?
False
Is 2243677848 a multiple of 6168?
True
Is 63713314 a multiple of 901?
True
Is 205 a factor of 6672032?
False
Is 164 a factor of 42897041?
False
Is 4652 a factor of 3025591020?
True
Is 3877365648 a multiple of 4033?
False
Is 124311292 a multiple of 28?
True
Is 69864910 a multiple of 17?
False
Is 28448397 a multiple of 26?
False
Is 79615983 a multiple of 324?
False
Does 654 divide 9562628?
False
Is 5 a factor of 155159932?
False
Is 36668940 a multiple of 6?
True
Is 52 a factor of 45604780?
True
Is 1382354194 a multiple of 8?
False
Does 57 divide 9168023?
False
Is 5945430942 a multiple of 1611?
True
Is 110030431 a multiple of 329?
True
Does 242 divide 1678596216?
True
Does 6 divide 41822109?
False
Is 2 a factor of 6962848?
True
Does 8 divide 2112302?
False
Does 5951 divide 1046222777?
False
Is 1422 a factor of 687209303?
False
Is 129577014 a multiple of 63?
True
Is 309 a factor of 190078599?
False
Does 59 divide 5512429?
True
Is 66 a factor of 37511034?
True
Is 1222 a factor of 937293675?
False
Does 419 divide 899347317?
False
Does 91 divide 122114770?
False
Is 27 a factor of 85401317?
False
Is 1027 a factor of 619955739?
True
Is 32 a factor of 1451705721?
False
Is 569194305 a multiple of 318?
False
Is 20 a factor of 94570263?
False
Does 49 divide 859432756?
True
Is 6025155 a multiple of 101?
True
Is 3491200 a multiple of 200?
True
Does 5249 divide 1995197664?
False
Is 194902480 a multiple of 16?
True
Is 980803110 a multiple of 165?
False
Is 12 a factor of 77640832?
False
Is 1482531 a multiple of 3?
True
Is 44 a factor of 1546032004?
True
Is 5187013 a multiple of 31?
True
Is 7 a factor of 131276735?
False
Is 424 a factor of 39420933?
False
Does 331 divide 5346553?
False
Is 52637889 a multiple of 3605?
False
Is 84318243 a multiple of 950?
False
Is 57815575 a multiple of 59?
True
Is 54 a factor of 4818361950?
True
Is 328819284 a multiple of 55?
False
Is 452642260 a multiple of 371?
True
Does 1401 divide 288734592?
False
Is 316659148 a multiple of 13?
True
Does 213 divide 21124412?
False
Is 38330896 a multiple of 142?
False
Is 1495339370 a multiple of 829?
False
Is 4362305 a multiple of 5?
True
Is 3558 a factor of 26191300?
False
Is 61932406 a multiple of 45?
False
Is 1025 a factor of 159312675?
True
Is 17808068 a multiple of 4?
True
Is 625 a factor of 66942609?
False
Does 7 divide 153167163?
False
Is 40 a factor of 66465691?
False
Is 468976494 a multiple of 217?
True
Does 26 divide 133339715?
False
Is 881806049 a multiple of 46?
False
Is 25 a factor of 27638825?
True
Is 3833 a factor of 505090314?
False
Does 14 divide 809976538?
True
Does 404 divide 2076855?
False
Is 1025074704 a multiple of 18?
False
Does 1107 divide 4111410252?
False
Is 170 a factor of 49442667?
False
Is 136 a factor of 19794115?
False
Is 13 a factor of 368654208?
True
Is 52 a factor of 74489804?
False
Is 38348292 a multiple of 12?
True
Does 4137 divide 6268382400?
True
Is 10210797 a multiple of 7?
False
Is 2596728570 a multiple of 8?
False
Does 4850 divide 161044250?
True
Is 167 a factor of 427986932?
True
Does 961 divide 35615621?
True
Is 2725951457 a multiple of 35?
False
Does 1447 divide 2047996441?
False
Is 1511 a factor of 29999394?
True
Is 2237 a factor of 9362532?
False
Is 1073362631 a multiple of 425?
False
Is 432522093 a multiple of 86?
False
Is 12578750 a multiple of 50?
True
Is 857 a factor of 71985479?
False
Does 10 divide 684230822?
False
Does 222 divide 416333413?
False
Is 172 a factor of 1145650548?
True
Is 53571637 a multiple of 28?
False
Is 989961865 a multiple of 488?
False
Does 92 divide 689182948?
True
Does 2 divide 1697695?
False
Is 28 a factor of 40265885?
False
Does 338 divide 864604?
True
Is 54844421 a multiple of 42?
False
Is 3 a factor of 316697111?
False
Does 425 divide 632356?
False
Does 40 divide 1130155046?
False
Is 11 a factor of 88747927?
False
Is 523609506 a multiple of 9?
True
Does 76 divide 72377232?
True
Is